 Determine a(-2).
0
Let n(m) = -54*m + 1187. What is n(22)?
-1
Let q(g) = g**3 - 5*g**2 - 13*g - 14. Calculate q(7).
-7
Let o(q) = 7*q + 71. Determine o(-10).
1
Let d(m) = m**3 - m**2 + 3*m - 2. What is d(0)?
-2
Let i(y) = -y. Calculate i(-8).
8
Let x(a) = 9*a + 2. Determine x(-2).
-16
Let f(u) = u**2 - 3*u + 2. What is f(0)?
2
Let j(u) = u - 7. Give j(7).
0
Let f(r) = 2*r**2 + 8*r + 17. Give f(-3).
11
Let g(i) = -i**3 + 7. Give g(0).
7
Let z(k) = k**2 - 6*k - 10. Calculate z(12).
62
Let a(g) = -g**3 + 13*g**2 + 1. Determine a(13).
1
Let v(u) = u + 17. Give v(-11).
6
Let v(s) = s**3 + 7*s**2 + 3*s - 3. Calculate v(-6).
15
Let k(i) = 5*i - 14. Give k(5).
11
Let r(w) = -2*w + 23. Calculate r(2).
19
Let q(d) = -5*d - 8. What is q(-6)?
22
Let u(h) = -13*h - 3. Give u(-4).
49
Let n(b) = b**3 + 8*b**2 + 6*b - 6. What is n(-7)?
1
Let p(z) = -z**3 + 13*z**2 + 15*z + 1. Determine p(14).
15
Let x(b) = -b + 18. Calculate x(-7).
25
Let q(g) = g - 5. What is q(-15)?
-20
Let p(r) = -4*r + 71. Calculate p(15).
11
Let v(o) = o**3 - 6*o**2 + o + 4. Give v(3).
-20
Let p(u) = -21*u**2 + 3*u - 5. What is p(2)?
-83
Let k(n) = -n**3 - 7*n**2 - n + 6. What is k(-6)?
-24
Let w(b) = b**3 - 3*b**2 - 6*b + 4. Determine w(5).
24
Let s(u) = u - 3. Give s(5).
2
Let c(m) = 3*m**2 - 87*m + 6. Determine c(29).
6
Let y(u) = -8*u**2 + 3*u + 4. Give y(-1).
-7
Let g(c) = -69*c + 14. Give g(1).
-55
Let v(a) = -2*a**3 - 15*a**2 + 16*a + 61. Calculate v(-8).
-3
Let x(z) = 2*z + 4. Calculate x(6).
16
Let y(b) = -b**3 - 10*b**2 - 16*b + 2. Give y(-8).
2
Let q(w) = w**3 - 8*w**2 + 7*w + 6. Calculate q(7).
6
Let n(j) = 2*j**3 + 14*j**2 + 3*j + 13. Give n(-7).
-8
Let j(z) = -2*z**2 - 86*z - 68. Give j(-42).
16
Let z(k) = -k**3 - 36*k**2 - 35*k - 6. Give z(-35).
-6
Let l(v) = v**2 - 14*v + 34. Give l(10).
-6
Let g(h) = -h**2 - 8*h + 2. Calculate g(-9).
-7
Let p(t) = -t + 3. Give p(0).
3
Let p(b) = -b**3 + 5*b**2 - 6*b + 10. Give p(5).
-20
Let o(l) = l**2 + 10*l - 18. Determine o(-10).
-18
Let c(v) = -v**2 + 15*v - 8. What is c(13)?
18
Let r(u) = 5*u + 38. What is r(0)?
38
Let x(l) = -l**3 - 10*l**2 + 11*l + 8. Give x(-11).
8
Let i(f) = -f**3 - 10*f**2 - 7*f + 11. What is i(-9)?
-7
Let u(q) = -5*q + 8. Determine u(5).
-17
Let h(v) = v**2 - 9*v - 22. Calculate h(8).
-30
Let r(g) = -18*g + 6. Give r(-8).
150
Let d(p) = -38*p + 456. What is d(12)?
0
Let m(t) = t**2 - 9*t + 6. Determine m(4).
-14
Let c(t) = -t**3 - 22*t**2 + 3*t + 32. Determine c(-22).
-34
Let q(v) = 6*v**2 + 13*v - 13. Give q(-3).
2
Let i(w) = -w**2 + 9*w - 2. Determine i(6).
16
Let h(f) = -f**2 + 14*f + 55. Give h(-3).
4
Let m(d) = -d**3 + 3*d**2 - 2*d - 13. Calculate m(0).
-13
Let x(c) = 16*c**3 + c**2. Give x(1).
17
Let p(u) = -u**3 - 11*u**2 - 32. Calculate p(-11).
-32
Let n(s) = -7*s + 22. Determine n(16).
-90
Let b(y) = y**2 + 9*y + 8. Calculate b(-1).
0
Let w(j) = -j**3 - 4*j**2 + 2*j - 17. Give w(-5).
-2
Let x(t) = -t**2 - 16*t + 51. Calculate x(-19).
-6
Let z(i) = i**3 + i - 1. Give z(-2).
-11
Let c(s) = -s**2 + 23*s - 100. Calculate c(9).
26
Let w(h) = 5*h + 62. Calculate w(-12).
2
Let o(r) = r**2 - 5*r - 2. Determine o(6).
4
Let d(n) = n**3 + 13*n**2 + 29*n - 6. Calculate d(-10).
4
Let b(q) = q**3 + 10*q**2 - 72*q - 7. Determine b(5).
8
Let f(p) = 16*p**2 - 4*p. Determine f(1).
12
Let p(s) = s**3 - 3*s + 4. What is p(2)?
6
Let w(l) = -l**3 - 5*l**2 + 2. Give w(-2).
-10
Let u(f) = -19*f**2 + 170*f + 3. Calculate u(9).
-6
Let r(x) = 2*x - 48. What is r(23)?
-2
Let p(x) = 4*x**3 - 5*x**2 - x + 3. What is p(2)?
13
Let l(f) = -f**3 - 15*f**2 + 2*f + 14. Determine l(-15).
-16
Let g(x) = -19*x + 9. Calculate g(2).
-29
Let d(p) = -3*p - 1. Give d(1).
-4
Let l(j) = j**3 + 4*j**2 + 3*j + 10. What is l(-4)?
-2
Let r(q) = -2*q + 14. Give r(6).
2
Let o(w) = w + 2. Give o(-5).
-3
Let j(s) = -s**3 - 8*s**2 + 13*s + 20. Give j(-9).
-16
Let j(k) = -k**2 - 21*k - 89. Determine j(-6).
1
Let l(k) = -3*k - 30. Determine l(-4).
-18
Let w(p) = -p**3 + 6*p**2 - 6*p - 2. Determine w(5).
-7
Let u(m) = m**2 + 10*m - 7. Give u(0).
-7
Let k(y) = -10*y - 81. What is k(-9)?
9
Let a(s) = s**3 + 8*s**2 - 21*s - 17. Calculate a(-10).
-7
Let b(p) = 5*p + 123. What is b(-29)?
-22
Let s(t) = -5*t + 3. Give s(-3).
18
Let o(d) = -17*d - 49. Calculate o(-4).
19
Let r(f) = -2*f**2 + 86*f - 78. Give r(42).
6
Let u(y) = y + 14. Calculate u(-11).
3
Let z(u) = 9*u + 112. Give z(-13).
-5
Let u(k) = k**3 + 8*k**2 + 8*k + 8. Calculate u(-5).
43
Let k(n) = -n**3 + 7*n**2 - 12*n - 2. Give k(5).
-12
Let r(o) = o + 13. What is r(6)?
19
Let c(v) = v - 18. Give c(15).
-3
Let q(u) = u**2 + u + 44. Calculate q(0).
44
Let a(r) = -6*r + 2. Calculate a(3).
-16
Let j(w) = w**3 + w**2 + w + 1. Give j(0).
1
Let y(x) = 8*x + 412. Calculate y(-51).
4
Let a(b) = b + 54. What is a(16)?
70
Let m(z) = z**2 + 8*z + 5. Give m(-10).
25
Let t(d) = -d**3 + 2*d**2 + 2*d - 9. What is t(3)?
-12
Let x(a) = 3*a**2 - 40*a + 48. Give x(12).
0
Let v(i) = -7*i**2 + 6. Give v(-3).
-57
Let m(j) = -47*j - 339. What is m(-7)?
-10
Let a(b) = -b**3 + 2*b**2 - 4*b + 4. Determine a(2).
-4
Let n(k) = k**2 + 81*k - 526. Give n(6).
-4
Let a(v) = -v**2 - 21*v + 16. What is a(-22)?
-6
Let a(v) = 10*v**2 - 2*v - 2. Give a(2).
34
Let c(v) = v**2 + 6*v - 4. Calculate c(-7).
3
Let y(d) = 6*d + 260. What is y(-44)?
-4
Let c(r) = -r**3 + 7*r**2 + 11*r - 5. Determine c(8).
19
Let u(h) = -13*h + 20. Give u(6).
-58
Let g(f) = -f**3 + 13*f**2 - 24*f - 87. Calculate g(5).
-7
Let n(g) = -g**2 - 10*g + 14. What is n(-11)?
3
Let x(b) = -b**3 + 11*b**2 + 10*b + 22. Determine x(12).
-2
Let c(x) = -x**3 + 6*x**2 - 10*x + 127. Give c(7).
8
Let i(d) = -d**2 + 17*d + 27. Determine i(19).
-11
Let o(z) = 4*z + 48. What is o(-12)?
0
Let k(d) = d**2 + 6*d + 4. What is k(-3)?
-5
Let a(c) = -c**2 - c + 34. Determine a(-6).
4
Let y(b) = 18*b + 11. Calculate y(-5).
-79
Let g(i) = -i + 2. What is g(2)?
0
Let w(d) = d**2 + 3*d + 15. Determine w(7).
85
Let b(k) = -2*k**2 + 19*k - 46. Give b(4).
-2
Let t(z) = -15*z**3 + 2*z**2 - 1. Give t(-1).
16
Let a(n) = n**2 + 16*n + 15. Give a(-15).
0
Let s(a) = -12*a - 45. Calculate s(-6).
27
Let a(u) = 19*u - 240. Calculate a(13).
7
Let x(g) = 2*g**2 - 50*g - 46. Give x(26).
6
Let w(g) = g - 9. Give w(7).
-2
Let h(d) = 2*d**3 - 3*d**2 + 1. Determine h(-1).
-4
Let z(u) = 5*u - 22. Determine z(-1).
-27
Let s(v) = v**3 - 16*v**2 - 15*v - 30. Determine s(17).
4
Let i(k) = 5*k + 1. What is i(-7)?
-34
Let t(u) = u**2 - 62*u + 743. Calculate t(46).
7
Let g(o) = -o + 2. Calculate g(-10).
12
Let u(b) = -27*b**2 - 1. Give u(1).
-28
Let z(q) = -q**2 + 7*q - 20. What is z(5)?
-10
Let a(x) = 7*x - 4. Determine a(1).
3
Let a(o) = o**2 - 2*o - 7. Calculate a(5).
8
Let q(a) = -a**2 + 48*a - 86. Determine q(46).
6
Let c(r) = 2*r - 3. Give c(-7).
-17
Let h(j) = -j**3 - 10*j**2 - 17*j - 10. Determine h(-8).
-2
Let n(d) = 2*d - 7. Give n(0).
-7
Let o(t) = -2*t**3 - 28*t**2 + t + 15. Determine o(-14).
1
Let c(f) = 6*f - 8. Determine c(0).
-8
Let z(h) = -6*h - 1. Determine z(1).
-7
Let j(q) = -2*q - 28. Give j(-9).
-10
Let j(g) = -g**2 + 9*g + 212. Calculate j(20).
-8
Let q(a) = 2*a**3 - 6*a**2 + 7*a - 2. What is q(3)?
19
Let o(t) = -t**3 + 9*t**2 - 2. Calculate o(9).
-2
Let x(f) = f**3 + 5*f**2 + 7*f - 4. Give x(-4).
-16
Let a(x) = -14*x + 2. Determine a(3).
-40
Let g(r) = 3*r**2 + 10*r. Give g(-4).
8
Let n(z) = -4*z + 9. Determine n(7).
-19
Let b(m) = -m**3 + 8*m**2 - 10*m + 15. Calculate b(7).
-6
Let x(d) = -d**2 - 12*d + 9. Calculate x(-14).
-19
Let k(x) = 14*x - 12. Give k(6).
72
Let c(r) = 5*r + 139. Calculate c(-28).
-1
Let s(u) = 7*u - 29. What is s(7)?
20
Let d(r) = 2*r - 9. Determine d(0).
-9
Let y(p) = -p**2 - p - 50. What is y(0)?
-50
Let f(u) = 12*u - 16. What is f(-4)?
-64
Let y(s) = s**3 + 9*s - 17. What is y(2)?
9
Let l(x) = -x**2 + 8*x - 7. Determine l(6).
5
Let o(q) = 6*q**2 + 2*q - 1. Give o(1).
7
Let g(f) = -f**3 - 20*f**2 - 21*f - 31. Determine g(-19).
7
Let a(h) = 14*h**2 - 3. Give a(-2).
53
Let p(f) = -84*f - 425. Calculate p(-5).
-5
Let y(s) = -299*s - 2086. Determine y(-7).
7
Let j(l) = 13*l + 254. Give j(-20).
-6
Let q(a) = a + 3. What is q(-7)?
-4
Let x(f) = -f**2 - 20*f + 43. Determine x(-22).
-1
Let d(x) = -x**3 + 15*x**2 - 52*x + 7. Determine d(5).
-3
Let a(l) = 2*l**2 + 11*l - 12. Give